{"id":6848,"date":"2019-06-01T17:58:44","date_gmt":"2019-06-01T17:58:44","guid":{"rendered":"https:\/\/cautiva.digital\/UPAL\/?page_id=6848"},"modified":"2024-02-28T21:16:16","modified_gmt":"2024-02-29T01:16:16","slug":"reclamos-y-sugerencias","status":"publish","type":"page","link":"https:\/\/cautiva.digital\/UPAL\/reclamos-y-sugerencias\/","title":{"rendered":"Reclamos y Sugerencias"},"content":{"rendered":"\n<p><\/p>\n\n\n<div class=\"wpforms-container wpforms-container-full wpforms-block wpforms-block-dd828135-0dc6-4903-b424-304b534e74bc\" id=\"wpforms-7400\"><form id=\"wpforms-form-7400\" class=\"wpforms-validate wpforms-form\" data-formid=\"7400\" method=\"post\" enctype=\"multipart\/form-data\" action=\"\/UPAL\/wp-json\/wp\/v2\/pages\/6848\" data-token=\"aa250b0681add89f15173f0d750043a5\" data-token-time=\"1775633717\"><noscript class=\"wpforms-error-noscript\">Por favor, activa JavaScript en tu navegador para completar este formulario.<\/noscript><div class=\"wpforms-field-container\"><div id=\"wpforms-7400-field_2-container\" class=\"wpforms-field wpforms-field-radio wpforms-list-3-columns\" data-field-id=\"2\"><label class=\"wpforms-field-label\">1. IDENTIFICACI\u00d3N DEL USUARIO <span class=\"wpforms-required-label\">*<\/span><\/label><ul id=\"wpforms-7400-field_2\" class=\"wpforms-field-required\"><li class=\"choice-1 depth-1\"><input type=\"radio\" id=\"wpforms-7400-field_2_1\" name=\"wpforms[fields][2]\" value=\"Estudiante\" required ><label class=\"wpforms-field-label-inline\" for=\"wpforms-7400-field_2_1\">Estudiante<\/label><\/li><li class=\"choice-2 depth-1\"><input type=\"radio\" id=\"wpforms-7400-field_2_2\" name=\"wpforms[fields][2]\" value=\"Docente\" required ><label class=\"wpforms-field-label-inline\" for=\"wpforms-7400-field_2_2\">Docente<\/label><\/li><\/ul><\/div><div id=\"wpforms-7400-field_0-container\" class=\"wpforms-field wpforms-field-name\" data-field-id=\"0\"><label class=\"wpforms-field-label\" for=\"wpforms-7400-field_0\">Nombres y Apellidos <span class=\"wpforms-required-label\">*<\/span><\/label><input type=\"text\" id=\"wpforms-7400-field_0\" class=\"wpforms-field-medium wpforms-field-required\" name=\"wpforms[fields][0]\" required><\/div><div id=\"wpforms-7400-field_6-container\" class=\"wpforms-field wpforms-field-name\" data-field-id=\"6\"><label class=\"wpforms-field-label\" for=\"wpforms-7400-field_6\">N\u00famero de Registro <span class=\"wpforms-required-label\">*<\/span><\/label><input type=\"text\" id=\"wpforms-7400-field_6\" class=\"wpforms-field-small wpforms-field-required\" name=\"wpforms[fields][6]\" required><\/div><div id=\"wpforms-7400-field_12-container\" class=\"wpforms-field wpforms-field-number\" data-field-id=\"12\"><label class=\"wpforms-field-label\" for=\"wpforms-7400-field_12\">Tel\u00e9fono o Celular <span class=\"wpforms-required-label\">*<\/span><\/label><input type=\"number\" id=\"wpforms-7400-field_12\" class=\"wpforms-field-small wpforms-field-required\" name=\"wpforms[fields][12]\" step=\"any\" required><\/div><div id=\"wpforms-7400-field_8-container\" class=\"wpforms-field wpforms-field-email\" data-field-id=\"8\"><label class=\"wpforms-field-label\" for=\"wpforms-7400-field_8\">Correo electr\u00f3nico <span class=\"wpforms-required-label\">*<\/span><\/label><input type=\"email\" id=\"wpforms-7400-field_8\" class=\"wpforms-field-medium wpforms-field-required\" name=\"wpforms[fields][8]\" spellcheck=\"false\" required><div class=\"wpforms-field-description\">(*) Para que el reclamo sea atendido los estudiantes deben especificar su Correo Electr\u00f3nico y N\u00ba de Registro. Los docentes deben especificar su correo electr\u00f3nico.<\/div><\/div><div id=\"wpforms-7400-field_14-container\" class=\"wpforms-field wpforms-field-radio wpforms-list-3-columns\" data-field-id=\"14\"><label class=\"wpforms-field-label\">2. DESCRIPCI\u00d3N DE LA SITUACI\u00d3N <span class=\"wpforms-required-label\">*<\/span><\/label><ul id=\"wpforms-7400-field_14\" class=\"wpforms-field-required\"><li class=\"choice-1 depth-1\"><input type=\"radio\" id=\"wpforms-7400-field_14_1\" name=\"wpforms[fields][14]\" value=\"Sugerencia\" required ><label class=\"wpforms-field-label-inline\" for=\"wpforms-7400-field_14_1\">Sugerencia<\/label><\/li><li class=\"choice-2 depth-1\"><input type=\"radio\" id=\"wpforms-7400-field_14_2\" name=\"wpforms[fields][14]\" value=\"Reclamo\" required ><label class=\"wpforms-field-label-inline\" for=\"wpforms-7400-field_14_2\">Reclamo<\/label><\/li><\/ul><\/div><div id=\"wpforms-7400-field_5-container\" class=\"wpforms-field wpforms-field-radio wpforms-list-3-columns\" data-field-id=\"5\"><label class=\"wpforms-field-label\">Sede <span class=\"wpforms-required-label\">*<\/span><\/label><ul id=\"wpforms-7400-field_5\" class=\"wpforms-field-required\"><li class=\"choice-1 depth-1\"><input type=\"radio\" id=\"wpforms-7400-field_5_1\" name=\"wpforms[fields][5]\" value=\"Cochamba\" required ><label class=\"wpforms-field-label-inline\" for=\"wpforms-7400-field_5_1\">Cochamba<\/label><\/li><li class=\"choice-2 depth-1\"><input type=\"radio\" id=\"wpforms-7400-field_5_2\" name=\"wpforms[fields][5]\" value=\"Oruro\" required ><label class=\"wpforms-field-label-inline\" for=\"wpforms-7400-field_5_2\">Oruro<\/label><\/li><\/ul><\/div><div id=\"wpforms-7400-field_19-container\" class=\"wpforms-field wpforms-field-select\" data-field-id=\"19\"><label class=\"wpforms-field-label\" for=\"wpforms-7400-field_19\">Campus <span class=\"wpforms-required-label\">*<\/span><\/label><select id=\"wpforms-7400-field_19\" class=\"wpforms-field-medium wpforms-field-required\" name=\"wpforms[fields][19]\" required=\"required\"><option value=\"Tupac Amaru\"  class=\"choice-1 depth-1\"  >Tupac Amaru<\/option><option value=\"Am\u00e9rica\"  class=\"choice-2 depth-1\"  >Am\u00e9rica<\/option><option value=\"Soria Galvarro\"  class=\"choice-3 depth-1\"  >Soria Galvarro<\/option><\/select><\/div><div id=\"wpforms-7400-field_21-container\" class=\"wpforms-field wpforms-field-text\" data-field-id=\"21\"><label class=\"wpforms-field-label\" for=\"wpforms-7400-field_21\">Fecha del Suceso<\/label><input type=\"text\" id=\"wpforms-7400-field_21\" class=\"wpforms-field-small\" name=\"wpforms[fields][21]\" placeholder=\"..\/..\/....\" ><\/div><div id=\"wpforms-7400-field_4-container\" class=\"wpforms-field wpforms-field-textarea\" data-field-id=\"4\"><label class=\"wpforms-field-label\" for=\"wpforms-7400-field_4\">3. DESCRIPCI\u00d3N RECLAMO \/ SUGERENCIA <span class=\"wpforms-required-label\">*<\/span><\/label><textarea id=\"wpforms-7400-field_4\" class=\"wpforms-field-medium wpforms-field-required\" name=\"wpforms[fields][4]\" placeholder=\"-\" required><\/textarea><div class=\"wpforms-field-description\">Nota: En los buzones f\u00edsicos, la Instituci\u00f3n proceder\u00e1 con la revisi\u00f3n del reclamo presentado de forma semanal y le har\u00e1 conocer la respuesta para lo cual requerimos que nos proporcione su correo electr\u00f3nico.\r\n\r\n<br>\r\n<b>\u201cSUS INQUIETUDES SON LAS NUESTRAS, GRACIAS POR PERMITIRNOS CONOCER SU OPINI\u00d3N Y CONTRIBUIR A NUESTRA MEJORA\u201d<\/b>\r\n<br>\r\n<br>\r\n<p style=\"text-align:right;\">GCAL-REG-017<br>VERSI\u00d3N 3<br>F.A. 12\/08\/19<\/p><\/div><\/div><\/div><!-- .wpforms-field-container --><div class=\"wpforms-field wpforms-field-hp\"><label for=\"wpforms-7400-field-hp\" class=\"wpforms-field-label\">Comment<\/label><input type=\"text\" name=\"wpforms[hp]\" id=\"wpforms-7400-field-hp\" class=\"wpforms-field-medium\"><\/div><div class=\"wpforms-recaptcha-container wpforms-is-recaptcha wpforms-is-recaptcha-type-invisible\" ><div class=\"g-recaptcha\" data-sitekey=\"6LeYq6YUAAAAAI9iIPwnrq8YJg7GCcDnL3KgBXMv\" data-size=\"invisible\"><\/div><\/div><div class=\"wpforms-submit-container\" ><input type=\"hidden\" name=\"wpforms[id]\" value=\"7400\"><input type=\"hidden\" name=\"page_title\" value=\"\"><input type=\"hidden\" name=\"page_url\" value=\"https:\/\/cautiva.digital\/UPAL\/wp-json\/wp\/v2\/pages\/6848\"><input type=\"hidden\" name=\"url_referer\" value=\"\"><button type=\"submit\" name=\"wpforms[submit]\" id=\"wpforms-submit-7400\" class=\"wpforms-submit\" data-alt-text=\"Enviando...\" data-submit-text=\"Enviar\" aria-live=\"assertive\" value=\"wpforms-submit\">Enviar<\/button><\/div><\/form><\/div>  <!-- .wpforms-container -->\n\n\n<p><\/p>\n","protected":false},"excerpt":{"rendered":"","protected":false},"author":1,"featured_media":0,"parent":0,"menu_order":0,"comment_status":"closed","ping_status":"closed","template":"","meta":{"footnotes":""},"class_list":["post-6848","page","type-page","status-publish","hentry"],"yoast_head":"<!-- This site is optimized with the Yoast SEO plugin v26.8 - https:\/\/yoast.com\/product\/yoast-seo-wordpress\/ -->\n<title>Reclamos y Sugerencias - Universidad Privada Abierta Latinoamericana<\/title>\n<meta name=\"robots\" content=\"index, follow, max-snippet:-1, max-image-preview:large, max-video-preview:-1\" \/>\n<link rel=\"canonical\" href=\"https:\/\/cautiva.digital\/UPAL\/reclamos-y-sugerencias\/\" \/>\n<meta property=\"og:locale\" content=\"es_ES\" \/>\n<meta property=\"og:type\" content=\"article\" \/>\n<meta property=\"og:title\" content=\"Reclamos y Sugerencias - Universidad Privada Abierta Latinoamericana\" \/>\n<meta property=\"og:url\" content=\"https:\/\/cautiva.digital\/UPAL\/reclamos-y-sugerencias\/\" \/>\n<meta property=\"og:site_name\" content=\"Universidad Privada Abierta Latinoamericana\" \/>\n<meta property=\"article:modified_time\" content=\"2024-02-29T01:16:16+00:00\" \/>\n<meta name=\"twitter:card\" content=\"summary_large_image\" \/>\n<meta name=\"twitter:label1\" content=\"Tiempo de lectura\" \/>\n\t<meta name=\"twitter:data1\" content=\"1 minuto\" \/>\n<script type=\"application\/ld+json\" class=\"yoast-schema-graph\">{\"@context\":\"https:\/\/schema.org\",\"@graph\":[{\"@type\":\"WebPage\",\"@id\":\"https:\/\/cautiva.digital\/UPAL\/reclamos-y-sugerencias\/\",\"url\":\"https:\/\/cautiva.digital\/UPAL\/reclamos-y-sugerencias\/\",\"name\":\"Reclamos y Sugerencias - Universidad Privada Abierta Latinoamericana\",\"isPartOf\":{\"@id\":\"https:\/\/cautiva.digital\/UPAL\/#website\"},\"datePublished\":\"2019-06-01T17:58:44+00:00\",\"dateModified\":\"2024-02-29T01:16:16+00:00\",\"breadcrumb\":{\"@id\":\"https:\/\/cautiva.digital\/UPAL\/reclamos-y-sugerencias\/#breadcrumb\"},\"inLanguage\":\"es\",\"potentialAction\":[{\"@type\":\"ReadAction\",\"target\":[\"https:\/\/cautiva.digital\/UPAL\/reclamos-y-sugerencias\/\"]}]},{\"@type\":\"BreadcrumbList\",\"@id\":\"https:\/\/cautiva.digital\/UPAL\/reclamos-y-sugerencias\/#breadcrumb\",\"itemListElement\":[{\"@type\":\"ListItem\",\"position\":1,\"name\":\"Portada\",\"item\":\"https:\/\/cautiva.digital\/UPAL\/\"},{\"@type\":\"ListItem\",\"position\":2,\"name\":\"Reclamos y Sugerencias\"}]},{\"@type\":\"WebSite\",\"@id\":\"https:\/\/cautiva.digital\/UPAL\/#website\",\"url\":\"https:\/\/cautiva.digital\/UPAL\/\",\"name\":\"Universidad Privada Abierta Latinoamericana\",\"description\":\"La Pr\u00e1ctica lo hace Perfecto\",\"potentialAction\":[{\"@type\":\"SearchAction\",\"target\":{\"@type\":\"EntryPoint\",\"urlTemplate\":\"https:\/\/cautiva.digital\/UPAL\/?s={search_term_string}\"},\"query-input\":{\"@type\":\"PropertyValueSpecification\",\"valueRequired\":true,\"valueName\":\"search_term_string\"}}],\"inLanguage\":\"es\"}]}<\/script>\n<!-- \/ Yoast SEO plugin. -->","yoast_head_json":{"title":"Reclamos y Sugerencias - Universidad Privada Abierta Latinoamericana","robots":{"index":"index","follow":"follow","max-snippet":"max-snippet:-1","max-image-preview":"max-image-preview:large","max-video-preview":"max-video-preview:-1"},"canonical":"https:\/\/cautiva.digital\/UPAL\/reclamos-y-sugerencias\/","og_locale":"es_ES","og_type":"article","og_title":"Reclamos y Sugerencias - Universidad Privada Abierta Latinoamericana","og_url":"https:\/\/cautiva.digital\/UPAL\/reclamos-y-sugerencias\/","og_site_name":"Universidad Privada Abierta Latinoamericana","article_modified_time":"2024-02-29T01:16:16+00:00","twitter_card":"summary_large_image","twitter_misc":{"Tiempo de lectura":"1 minuto"},"schema":{"@context":"https:\/\/schema.org","@graph":[{"@type":"WebPage","@id":"https:\/\/cautiva.digital\/UPAL\/reclamos-y-sugerencias\/","url":"https:\/\/cautiva.digital\/UPAL\/reclamos-y-sugerencias\/","name":"Reclamos y Sugerencias - Universidad Privada Abierta Latinoamericana","isPartOf":{"@id":"https:\/\/cautiva.digital\/UPAL\/#website"},"datePublished":"2019-06-01T17:58:44+00:00","dateModified":"2024-02-29T01:16:16+00:00","breadcrumb":{"@id":"https:\/\/cautiva.digital\/UPAL\/reclamos-y-sugerencias\/#breadcrumb"},"inLanguage":"es","potentialAction":[{"@type":"ReadAction","target":["https:\/\/cautiva.digital\/UPAL\/reclamos-y-sugerencias\/"]}]},{"@type":"BreadcrumbList","@id":"https:\/\/cautiva.digital\/UPAL\/reclamos-y-sugerencias\/#breadcrumb","itemListElement":[{"@type":"ListItem","position":1,"name":"Portada","item":"https:\/\/cautiva.digital\/UPAL\/"},{"@type":"ListItem","position":2,"name":"Reclamos y Sugerencias"}]},{"@type":"WebSite","@id":"https:\/\/cautiva.digital\/UPAL\/#website","url":"https:\/\/cautiva.digital\/UPAL\/","name":"Universidad Privada Abierta Latinoamericana","description":"La Pr\u00e1ctica lo hace Perfecto","potentialAction":[{"@type":"SearchAction","target":{"@type":"EntryPoint","urlTemplate":"https:\/\/cautiva.digital\/UPAL\/?s={search_term_string}"},"query-input":{"@type":"PropertyValueSpecification","valueRequired":true,"valueName":"search_term_string"}}],"inLanguage":"es"}]}},"_links":{"self":[{"href":"https:\/\/cautiva.digital\/UPAL\/wp-json\/wp\/v2\/pages\/6848","targetHints":{"allow":["GET"]}}],"collection":[{"href":"https:\/\/cautiva.digital\/UPAL\/wp-json\/wp\/v2\/pages"}],"about":[{"href":"https:\/\/cautiva.digital\/UPAL\/wp-json\/wp\/v2\/types\/page"}],"author":[{"embeddable":true,"href":"https:\/\/cautiva.digital\/UPAL\/wp-json\/wp\/v2\/users\/1"}],"replies":[{"embeddable":true,"href":"https:\/\/cautiva.digital\/UPAL\/wp-json\/wp\/v2\/comments?post=6848"}],"version-history":[{"count":4,"href":"https:\/\/cautiva.digital\/UPAL\/wp-json\/wp\/v2\/pages\/6848\/revisions"}],"predecessor-version":[{"id":13357,"href":"https:\/\/cautiva.digital\/UPAL\/wp-json\/wp\/v2\/pages\/6848\/revisions\/13357"}],"wp:attachment":[{"href":"https:\/\/cautiva.digital\/UPAL\/wp-json\/wp\/v2\/media?parent=6848"}],"curies":[{"name":"wp","href":"https:\/\/api.w.org\/{rel}","templated":true}]}}